{"id":24060,"date":"2023-11-09T15:23:09","date_gmt":"2023-11-09T20:23:09","guid":{"rendered":"https:\/\/cienciassociales.uniandes.edu.co\/psicologia\/?post_type=evento&#038;p=24060"},"modified":"2023-11-15T08:39:16","modified_gmt":"2023-11-15T13:39:16","slug":"conversaciones-sobre-el-enfoque-de-los-as-espectadores-as-para-la-prevencion-del-acoso-basado-en-prejucios-redlatames","status":"publish","type":"evento","link":"https:\/\/cienciassociales.uniandes.edu.co\/psicologia\/eventos\/conversaciones-sobre-el-enfoque-de-los-as-espectadores-as-para-la-prevencion-del-acoso-basado-en-prejucios-redlatames\/","title":{"rendered":"Evento Online: Conversaciones sobre el enfoque de los\/as espectadores\/as para la prevenci\u00f3n del acoso basado en prejucios &#8211; RedLatAmEs"},"excerpt":{"rendered":"<p>La RedLatAmES nace como una iniciativa interesada en reunir a investigadores\/as, individuos, organizaciones, activistas y artistas que est\u00e1n interesades en eliminar el acoso y las violencias basadas en prejuicios (ej. g\u00e9nero, pertenencia \u00e9tnica, orientaci\u00f3n sexual, edad, entre otros) en Am\u00e9rica Latina y el Reino Unido. <\/p>\n","protected":false},"author":10,"featured_media":24126,"template":"","meta":{"_acf_changed":false},"area-departamento":[16,166],"tematica":[],"publico-objetivo":[38,51,39],"class_list":["post-24060","evento","type-evento","status-publish","has-post-thumbnail","hentry","area-departamento-psicologia","area-departamento-psicologia-clinica-y-de-la-salud","publico-objetivo-egresado","publico-objetivo-estudiante","publico-objetivo-profesor"],"acf":[],"otros_campos":{"fecha_inicio":"28\/11\/2023 9:00 am","fecha_final":"","lugar":"Virtual","tipo_evento":["Virtual"],"eventos_profesores":[16317],"enlace":"https:\/\/evento.uniandes.edu.co\/es\/acoso_basado_en_prejucios"},"_links":{"self":[{"href":"https:\/\/cienciassociales.uniandes.edu.co\/psicologia\/wp-json\/wp\/v2\/evento\/24060","targetHints":{"allow":["GET"]}}],"collection":[{"href":"https:\/\/cienciassociales.uniandes.edu.co\/psicologia\/wp-json\/wp\/v2\/evento"}],"about":[{"href":"https:\/\/cienciassociales.uniandes.edu.co\/psicologia\/wp-json\/wp\/v2\/types\/evento"}],"author":[{"embeddable":true,"href":"https:\/\/cienciassociales.uniandes.edu.co\/psicologia\/wp-json\/wp\/v2\/users\/10"}],"version-history":[{"count":0,"href":"https:\/\/cienciassociales.uniandes.edu.co\/psicologia\/wp-json\/wp\/v2\/evento\/24060\/revisions"}],"wp:featuredmedia":[{"embeddable":true,"href":"https:\/\/cienciassociales.uniandes.edu.co\/psicologia\/wp-json\/wp\/v2\/media\/24126"}],"wp:attachment":[{"href":"https:\/\/cienciassociales.uniandes.edu.co\/psicologia\/wp-json\/wp\/v2\/media?parent=24060"}],"wp:term":[{"taxonomy":"area-departamento","embeddable":true,"href":"https:\/\/cienciassociales.uniandes.edu.co\/psicologia\/wp-json\/wp\/v2\/area-departamento?post=24060"},{"taxonomy":"tematica","embeddable":true,"href":"https:\/\/cienciassociales.uniandes.edu.co\/psicologia\/wp-json\/wp\/v2\/tematica?post=24060"},{"taxonomy":"publico-objetivo","embeddable":true,"href":"https:\/\/cienciassociales.uniandes.edu.co\/psicologia\/wp-json\/wp\/v2\/publico-objetivo?post=24060"}],"curies":[{"name":"wp","href":"https:\/\/api.w.org\/{rel}","templated":true}]}}

Evento Online: Conversaciones sobre el enfoque de los/as espectadores/as para la prevención del acoso basado en prejucios &#8211; RedLatAmEs

<p>La RedLatAmES nace como una iniciativa interesada en reunir a investigadores/as, individuos, organizaciones, activistas y artistas que están interesades en eliminar el acoso y las violencias basadas en prejuicios (ej. género, pertenencia étnica, orientación sexual, edad, entre otros) en América Latina y el Reino Unido. </p>
