{"id":2753,"date":"2020-08-03T11:03:40","date_gmt":"2020-08-03T16:03:40","guid":{"rendered":"https:\/\/cienciassociales.uniandes.edu.co\/historia-geografia\/publicaciones\/historias-de-raza-y-nacion-en-america-latina-2\/"},"modified":"2020-12-02T16:00:55","modified_gmt":"2020-12-02T21:00:55","slug":"historias-de-raza-y-nacion-en-america-latina-2","status":"publish","type":"publicacion","link":"https:\/\/cienciassociales.uniandes.edu.co\/historia-geografia\/publicaciones\/historias-de-raza-y-nacion-en-america-latina-2\/","title":{"rendered":"Historias de raza y naci\u00f3n."},"excerpt":{"rendered":"<p>Contribuye a examinar, desde una perspectiva hist\u00f3rica, el lugar de negros e ind\u00edgenas en los procesos de construcci\u00f3n nacional en Am\u00e9rica Latina<\/p>\n","protected":false},"featured_media":0,"template":"","meta":{"_acf_changed":false},"area-departamento":[14],"tematica":[209],"publico-objetivo":[38,51,39],"tipo-publicacion":[40],"coleccion":[45],"revista":[],"class_list":["post-2753","publicacion","type-publicacion","status-publish","hentry","area-departamento-historia-y-geografia","tematica-america-latina","publico-objetivo-egresado","publico-objetivo-estudiante","publico-objetivo-profesor","tipo-publicacion-libro","coleccion-coleccion-general"],"acf":[],"otros_campos":{"subtitulo":"en Am\u00e9rica Latina","portada":{"ID":2754,"id":2754,"title":"Historias De Raza Y Nacio\u0301n En Ame\u0301rica Latina","filename":"historias-de-raza-y-nacion-en-america-latina.jpg","filesize":49432,"url":"https:\/\/cienciassociales.uniandes.edu.co\/historia-geografia\/wp-content\/uploads\/sites\/18\/2020\/10\/historias-de-raza-y-nacion-en-america-latina.jpg","link":"https:\/\/cienciassociales.uniandes.edu.co\/historia-geografia\/publicaciones\/historias-de-raza-y-nacion-en-america-latina-2\/attachment\/historias-de-raza-y-nacion-en-america-latina-4\/","alt":"Historias de raza y naci\u00f3n en Am\u00e9rica Latina","author":"23","description":"","caption":"","name":"historias-de-raza-y-nacion-en-america-latina-4","status":"inherit","uploaded_to":2753,"date":"2020-10-23 22:55:18","modified":"2020-10-23 22:55:18","menu_order":0,"mime_type":"image\/jpeg","type":"image","subtype":"jpeg","icon":"https:\/\/cienciassociales.uniandes.edu.co\/historia-geografia\/wp-includes\/images\/media\/default.png","width":600,"height":930,"sizes":{"thumbnail":"https:\/\/cienciassociales.uniandes.edu.co\/historia-geografia\/wp-content\/uploads\/sites\/18\/2020\/10\/historias-de-raza-y-nacion-en-america-latina-150x150.jpg","thumbnail-width":150,"thumbnail-height":150,"medium":"https:\/\/cienciassociales.uniandes.edu.co\/historia-geografia\/wp-content\/uploads\/sites\/18\/2020\/10\/historias-de-raza-y-nacion-en-america-latina-194x300.jpg","medium-width":194,"medium-height":300,"medium_large":"https:\/\/cienciassociales.uniandes.edu.co\/historia-geografia\/wp-content\/uploads\/sites\/18\/2020\/10\/historias-de-raza-y-nacion-en-america-latina.jpg","medium_large-width":600,"medium_large-height":930,"large":"https:\/\/cienciassociales.uniandes.edu.co\/historia-geografia\/wp-content\/uploads\/sites\/18\/2020\/10\/historias-de-raza-y-nacion-en-america-latina.jpg","large-width":600,"large-height":930,"ctl_avatar":"https:\/\/cienciassociales.uniandes.edu.co\/historia-geografia\/wp-content\/uploads\/sites\/18\/2020\/10\/historias-de-raza-y-nacion-en-america-latina-250x250.jpg","ctl_avatar-width":250,"ctl_avatar-height":250,"1536x1536":"https:\/\/cienciassociales.uniandes.edu.co\/historia-geografia\/wp-content\/uploads\/sites\/18\/2020\/10\/historias-de-raza-y-nacion-en-america-latina.jpg","1536x1536-width":600,"1536x1536-height":930,"2048x2048":"https:\/\/cienciassociales.uniandes.edu.co\/historia-geografia\/wp-content\/uploads\/sites\/18\/2020\/10\/historias-de-raza-y-nacion-en-america-latina.jpg","2048x2048-width":600,"2048x2048-height":930}},"ano":"2010","palabras_clave":"raza, naci\u00f3n, Am\u00e9rica Latina, perspectiva hist\u00f3rica, clasificaciones raciales, discusiones","isbn":"978-958-695-435-8","eisbn":"","doi":"","edicion":"1","coedicion":"Antropolog\u00eda e Historia","reimpresion":"","publicaciones_profesores":[2555,0,22795],"otros_autores":"(compiladores)","enlace_fisico":"https:\/\/libreriasiglo.com\/ciencias-sociales-y-humanidades\/16579-historias-de-raza-y-nacion-en-america-latina.html?#.XwOxlihKjIU","enlace_ebook":"https:\/\/uniandes.ipublishcentral.com\/product\/historias-de-razay-nacin-en-amrica-latina","enlace_primeras_paginas":"","tabla_contenido":"https:\/\/cienciassociales.uniandes.edu.co\/historia-geografia\/wp-content\/uploads\/sites\/18\/2020\/10\/historias-de-raza-y-nacion-en-america-latina.pdf","booktrailer":"","imagen_destacada":false,"publicaciones_podcast":"","profes_filtros":"Claudia Leal, Carl Henrik Langebaek","proyectos_publicaciones":"","grupos_publicaciones":"","publicaciones_estudiantes":""},"_links":{"self":[{"href":"https:\/\/cienciassociales.uniandes.edu.co\/historia-geografia\/wp-json\/wp\/v2\/publicacion\/2753","targetHints":{"allow":["GET"]}}],"collection":[{"href":"https:\/\/cienciassociales.uniandes.edu.co\/historia-geografia\/wp-json\/wp\/v2\/publicacion"}],"about":[{"href":"https:\/\/cienciassociales.uniandes.edu.co\/historia-geografia\/wp-json\/wp\/v2\/types\/publicacion"}],"version-history":[{"count":0,"href":"https:\/\/cienciassociales.uniandes.edu.co\/historia-geografia\/wp-json\/wp\/v2\/publicacion\/2753\/revisions"}],"wp:attachment":[{"href":"https:\/\/cienciassociales.uniandes.edu.co\/historia-geografia\/wp-json\/wp\/v2\/media?parent=2753"}],"wp:term":[{"taxonomy":"area-departamento","embeddable":true,"href":"https:\/\/cienciassociales.uniandes.edu.co\/historia-geografia\/wp-json\/wp\/v2\/area-departamento?post=2753"},{"taxonomy":"tematica","embeddable":true,"href":"https:\/\/cienciassociales.uniandes.edu.co\/historia-geografia\/wp-json\/wp\/v2\/tematica?post=2753"},{"taxonomy":"publico-objetivo","embeddable":true,"href":"https:\/\/cienciassociales.uniandes.edu.co\/historia-geografia\/wp-json\/wp\/v2\/publico-objetivo?post=2753"},{"taxonomy":"tipo-publicacion","embeddable":true,"href":"https:\/\/cienciassociales.uniandes.edu.co\/historia-geografia\/wp-json\/wp\/v2\/tipo-publicacion?post=2753"},{"taxonomy":"coleccion","embeddable":true,"href":"https:\/\/cienciassociales.uniandes.edu.co\/historia-geografia\/wp-json\/wp\/v2\/coleccion?post=2753"},{"taxonomy":"revista","embeddable":true,"href":"https:\/\/cienciassociales.uniandes.edu.co\/historia-geografia\/wp-json\/wp\/v2\/revista?post=2753"}],"curies":[{"name":"wp","href":"https:\/\/api.w.org\/{rel}","templated":true}]}}

Historias de raza y nación.

<p>Contribuye a examinar, desde una perspectiva histórica, el lugar de negros e indígenas en los procesos de construcción nacional en América Latina</p>

en América Latina

Historias de raza y nación en América Latina

raza, nación, América Latina, perspectiva histórica, clasificaciones raciales, discusiones

Antropología e Historia
