{"id":11190,"date":"2021-04-05T10:59:14","date_gmt":"2021-04-05T15:59:14","guid":{"rendered":"https:\/\/cienciassociales.uniandes.edu.co\/ciencia-politica\/eventos\/inmigracion-y-politica-social-en-america-latina-argentina-en-perspectiva-comparada\/"},"modified":"2021-04-05T11:02:04","modified_gmt":"2021-04-05T16:02:04","slug":"inmigracion-y-politica-social-en-america-latina-argentina-en-perspectiva-comparada","status":"publish","type":"evento","link":"https:\/\/cienciassociales.uniandes.edu.co\/ciencia-politica-estudios-globales\/eventos\/inmigracion-y-politica-social-en-america-latina-argentina-en-perspectiva-comparada\/","title":{"rendered":"Inmigraci\u00f3n y pol\u00edtica social en Am\u00e9rica Latina: Argentina en perspectiva comparada"},"excerpt":{"rendered":"<p>\u00bfEn qu\u00e9 medida los estados de bienestar latinoamericanos incorporan a inmigrantes? \u00bfPor qu\u00e9 algunos pa\u00edses incorporan m\u00e1s y mejor que otros? <\/p>\n","protected":false},"author":11,"featured_media":11196,"template":"","meta":{"_acf_changed":false},"area-departamento":[322],"tematica":[209],"publico-objetivo":[38,51,39],"class_list":["post-11190","evento","type-evento","status-publish","has-post-thumbnail","hentry","area-departamento-ciencia-politica","tematica-america-latina","publico-objetivo-egresado","publico-objetivo-estudiante","publico-objetivo-profesor"],"acf":[],"otros_campos":{"fecha_inicio":"08\/04\/2021 12:30 pm","fecha_final":"","lugar":"Evento virtual","tipo_evento":["Virtual"],"eventos_profesores":[3251],"enlace":"https:\/\/eventos.uniandes.edu.co\/inmigracion\/details"},"_links":{"self":[{"href":"https:\/\/cienciassociales.uniandes.edu.co\/ciencia-politica-estudios-globales\/wp-json\/wp\/v2\/evento\/11190","targetHints":{"allow":["GET"]}}],"collection":[{"href":"https:\/\/cienciassociales.uniandes.edu.co\/ciencia-politica-estudios-globales\/wp-json\/wp\/v2\/evento"}],"about":[{"href":"https:\/\/cienciassociales.uniandes.edu.co\/ciencia-politica-estudios-globales\/wp-json\/wp\/v2\/types\/evento"}],"author":[{"embeddable":true,"href":"https:\/\/cienciassociales.uniandes.edu.co\/ciencia-politica-estudios-globales\/wp-json\/wp\/v2\/users\/11"}],"version-history":[{"count":0,"href":"https:\/\/cienciassociales.uniandes.edu.co\/ciencia-politica-estudios-globales\/wp-json\/wp\/v2\/evento\/11190\/revisions"}],"wp:featuredmedia":[{"embeddable":true,"href":"https:\/\/cienciassociales.uniandes.edu.co\/ciencia-politica-estudios-globales\/wp-json\/wp\/v2\/media\/11196"}],"wp:attachment":[{"href":"https:\/\/cienciassociales.uniandes.edu.co\/ciencia-politica-estudios-globales\/wp-json\/wp\/v2\/media?parent=11190"}],"wp:term":[{"taxonomy":"area-departamento","embeddable":true,"href":"https:\/\/cienciassociales.uniandes.edu.co\/ciencia-politica-estudios-globales\/wp-json\/wp\/v2\/area-departamento?post=11190"},{"taxonomy":"tematica","embeddable":true,"href":"https:\/\/cienciassociales.uniandes.edu.co\/ciencia-politica-estudios-globales\/wp-json\/wp\/v2\/tematica?post=11190"},{"taxonomy":"publico-objetivo","embeddable":true,"href":"https:\/\/cienciassociales.uniandes.edu.co\/ciencia-politica-estudios-globales\/wp-json\/wp\/v2\/publico-objetivo?post=11190"}],"curies":[{"name":"wp","href":"https:\/\/api.w.org\/{rel}","templated":true}]}}

Inmigración y política social en América Latina: Argentina en perspectiva comparada

<p>¿En qué medida los estados de bienestar latinoamericanos incorporan a inmigrantes? ¿Por qué algunos países incorporan más y mejor que otros? </p>
